0*c**2 + 13*c + 40. Let l(x) = 27*k(x) + 4*z(x). Give l(r).
18
Suppose -241*m + 47 = -215*m - 83. Let c(r) = -2*r**3 + 13*r**2 - 12*r - 6. Determine c(m).
9
Let h(i) be the second derivative of -i**5/20 + 5*i**4/12 - i**3 + 3*i**2/2 - i + 122. Let y = 0 + 5. Determine h(y).
-27
Suppose 22 = 3*c - 26. Suppose c*n - 697 = -25*n. Let p(h) = -h**3 + 18*h**2 - 16*h - 13. Give p(n).
4
Let t(w) = w + 1. Let z = 26 + -24. Suppose 4*s + 6 = -4*k - z, 2*s + 5*k = -7. Let x be 4*s/(-4)*-5. What is t(x)?
-4
Let q(n) = -5*n + 37. Let l(v) = -3*v + 19. Let s(j) = -7*l(j) + 4*q(j). Let i = 18182 + -18191. Calculate s(i).
6
Let s(u) = -45 - 9 - 7*u + 94 - 37 - u**2. Determine s(-9).
-15
Let o(r) = r**2 + 11*r + 20. Let w(f) = f - 8. Let z be w(-3). Let y be o(z). Suppose 2*v - y = -22. Let j(h) = -14*h**3 - h. Calculate j(v).
15
Let q(i) = 35*i**3 - i**2 + i. Let m be -16 + 0 + 17 + 0. Calculate q(m).
35
Let t = 203 + -201. Let z(b) = 33 + 23 - 2*b**t - 25 + b**2. Determine z(0).
31
Let h(l) = l**2 - 20*l + 110. Let m(s) = -148*s**2 - 161*s - 1. Let i be m(-1). Give h(i).
14
Suppose 3*u = 12*u - 36. Suppose m = 6 - u. Let c(j) = -4*j - 8 + 3*j + 11 - j. Give c(m).
-1
Suppose 4*v + 0*v = 8. Let o(a) = -7*a + 15. Let t(h) = -2*h + 4. Let c(n) = -o(n) + 3*t(n). What is c(v)?
-1
Let q(x) be the first derivative of -x**3/2 - 6*x**2 - 128*x - 18. Let o(v) be the first derivative of q(v). What is o(-3)?
-3
Let i(z) = -4*z**2 + 8*z**2 - z - z**3 - 2*z. Let w(a) = -2*a**3 - 7*a**2 + 2*a - 5. Let c(v) = v - 17. Let t be c(13). Let l be w(t). Calculate i(l).
0
Let f(b) = b**3 - 14*b**2 + 15*b - 6. Let j(t) = -t**3 + 31*t**2 - 102*t - 149. Let z be j(27). Determine f(z).
20
Suppose -2*y = -7*y - 4*k + 254, -3*y - 2*k = -154. Suppose 4*x + y = 70. Let i(d) = d**3 - 2*d**2 - 6*d + 5. Determine i(x).
13
Let x(s) = -2*s**2 + 17*s + 9. Let t(y) = -4*y**2 + 38*y + 15. Let b(f) = 2*t(f) - 5*x(f). Give b(9).
66
Let x(s) = s**3 + 9*s**2 - s + 1. Let a(f) = -5*f**3 - 60*f**2 + 4*f + 3. Let b(d) = -a(d) - 6*x(d). Give b(6).
3
Let g(h) = h**2 - h - 10. Let s be g(-3). Suppose a + 2 = -s. Let m be (126/28)/((-6)/a). Let i(z) = -z**2 + 3*z + 3. Determine i(m).
3
Let i(p) = 6*p**2 + 309*p - 156. Let m be i(-52). Let l(n) = n**2 - 8*n. Give l(m).
0
Let b(f) = -f**3 + 4*f**2 - 3*f - 2. Let u(j) = 48*j - 7. Let w be u(4). Suppose 0 = -w*r + 189*r - 12. Calculate b(r).
-2
Let y(a) be the first derivative of a**4/4 + 70*a**3/3 + 68*a**2 + 3*a + 2410. Give y(-68).
3
Let m(i) = -8*i + 17. Let q(h) = -5*h + 9. Let r = 193 - 198. Let b(v) = r*q(v) + 3*m(v). Calculate b(0).
6
Let k(a) = -2*a**2 + 38*a + 5. Suppose 34 = 13*i - 11*i - 3*c, -c - 58 = -3*i. Determine k(i).
-35
Suppose -21*j - 3 = -18*j. Let m(i) = -18*i - 6. Let p(w) = 19*w + 7. Let g = 5 - 0. Let b(d) = g*p(d) + 6*m(d). Give b(j).
12
Let z(o) = o**3 + 2*o**2 - 4*o - 2. Let i(v) = v**3 - 18*v**2 + 3*v - 60. Let l be i(18). Calculate z(l).
-122
Suppose -3 = -3*x + 3*p, 286*p - 285*p = 3*x + 17. Let l(h) = -4*h**2 - 11*h + h**2 + 2*h**2 - 7. Give l(x).
11
Let o(l) = -l**3 - 3*l**2 - l + 3. Let p(z) = -22 - 14*z + 15 + 18. Let q be p(1). Calculate o(q).
6
Let p(m) = 20*m + 76. Let f(j) = 37*j + 150. Let x(i) = -5*f(i) + 9*p(i). Give x(-12).
-6
Let x be 1/1*(-2 - 4). Let a = -5359 + 5371. Let g = x + a. Let i(n) = -n**3 + 7*n**2 - 8*n - 1. Determine i(g).
-13
Let f(k) = k**3 + 3*k**2 + 1. Suppose -3*d + 5*z + 77 = 0, 3*z - 97 = -4*d + 4*z. Let b = d + -23. Let i be b/((3 - -1) + (-91)/21). What is f(i)?
1
Let x(k) be the first derivative of -k**4/4 - k**3 + 6*k**2 + 39*k - 129. Determine x(-4).
7
Let d(g) = g. Let k be ((-7)/(-2) - 3)/((-1)/(-26)). Let n be ((-11)/(-286)*k)/(1/(-10)). Give d(n).
-5
Let a(l) = 100*l - 1320. Let q be a(13). Let o(g) = g**2 + 16*g - 83. Give o(q).
-3
Let j(h) = 2*h - 36. Suppose 9*u = 11*u - 8, -3*u = z - 12. Suppose 2*w + z*o - o = 41, 0 = -2*w - 4*o + 36. Calculate j(w).
4
Let h(f) = 2*f**2 + 151*f - 7. Let n(q) = 25*q - 1. Let w(d) = h(d) - 6*n(d). Calculate w(-3).
14
Suppose -q + 2*q = 5*g - 68, 0 = -2*q - 6. Let i = g + 0. Let x(n) be the third derivative of -n**4/24 + 3*n**3/2 - 358*n**2 - 5. Determine x(i).
-4
Let k(p) = -87*p + 174*p - 84*p - p**2 + 2*p**3 + 7 + 2*p**3 - 2*p**2. What is k(-2)?
-43
Let q be (-767)/(-52) - 14 - (-78)/(-8). Let f(x) = x + 4. Let b(w) = 2*w + 8. Let p(m) = 6*b(m) - 13*f(m). What is p(q)?
5
Let d(m) = -2*m + 24. Let o be (8/(-10))/((-68)/850). Give d(o).
4
Suppose -3*g + 43 = -3*h + 112, 117 = -5*g + 3*h. Let i be g/30*(-5)/2. Let f(d) = -i - 24*d + 27*d + 5. Calculate f(-2).
-3
Let j(z) = 3*z + 6. Let d(t) = 21*t - 224. Suppose 121*u - 154 = 107*u. Let s be d(u). Determine j(s).
27
Let q(f) = f**2 + f - 1. Let t(c) be the third derivative of -23*c**2 + 2/3*c**3 + 0 + 0*c**4 - 1/12*c**5 + 0*c. Let y(p) = -6*q(p) - t(p). Determine y(-7).
-5
Let h(r) = -4*r**3 + 11*r**3 - 2*r**2 - r**3 + 1. Let n = 2245 + -2244. Calculate h(n).
5
Suppose 4*a = 10*a - 288. Let k = a + -48. Suppose k = 5*q - 4*t - 10, -5*q + 0*q - t - 15 = 0. Let n(y) = 5*y - 2. Calculate n(q).
-12
Let s(m) = 0 - 10*m - 1 + m + m. Let o(c) = -c**3 + 10*c**2 + 26*c - 21. Let t be o(12). Determine s(t).
-25
Let b(w) be the first derivative of -w**7/168 + 10*w**3 - 21. Let g(d) be the third derivative of b(d). Let j = -3 + 2. Determine g(j).
5
Let x(q) = -1 - 5*q**2 - q - q - q**3 + 0. Let s(y) = 2*y**2 + 1213*y - 21204. Let l be s(17). Determine x(l).
9
Suppose -17252 = -10*g - 17382. Let r(y) = 4*y - 19. What is r(g)?
-71
Let a(c) = c - 1. Let w(v) = 2*v**2 - 14*v - 11. Let p be w(8). Suppose -p*o = -o + 8. Let q be ((-13)/(-39))/(o/6). Give a(q).
-2
Let z(h) = 4*h - 58. Let d be z(14). Let s(k) = 3*k - 4. Let x(y) = -6*y + 11. Let c(t) = d*x(t) - 5*s(t). What is c(2)?
-8
Let x(k) = 6*k**3 + k**2. Let y(f) be the second derivative of 4*f**3/3 - 33*f**2/2 + 13*f. Let c be y(4). What is x(c)?
-5
Let n(t) be the second derivative of -3*t**2 - 1/6*t**3 + 0 - 132*t + 1/2*t**4 - 1/20*t**5. What is n(5)?
14
Let q(a) = 288*a**2 + 5*a + 22 - 873*a**2 + 286*a**2 + 298*a**2. What is q(16)?
-154
Let s = -5742 + 5742. Let u(c) be the third derivative of 1/12*c**4 - 21*c**2 + 0 + s*c + 1/2*c**3 - 1/20*c**5. Calculate u(-2).
-13
Suppose 91 = 5*y - 4*q, 13 = 2*y - q - 27. Let d(z) be the third derivative of 0*z + 11/6*z**3 + 0 - y*z**2 + 1/2*z**4 + 1/60*z**5. Calculate d(-11).
0
Let z = -11 + 8. Let s be (-2 + 0)/(-2) - z. Let k(b) be the first derivative of b**3/3 + b**2 - 5*b - 26691. Determine k(s).
19
Let h(a) = 4*a**3 + 11*a**2 - 5*a - 6. Let j = -11094 + 11091. Give h(j).
0
Let u(w) = -w - 3. Let x(c) = 1. Let p(a) = -u(a) + 6*x(a). Let i(z) = -2*z - 10. Let g(b) = 2*i(b) + 3*p(b). Let r = -5 - -15. Give g(r).
-3
Let y(o) be the third derivative of o**5/20 - o**3/3 + 22*o**2 + 128. What is y(7)?
145
Let u be ((-8)/(-108)*-9)/((-4)/(-6)). Let z(v) = -v + 5. Let l(h) = 4*h - 12. Let f(j) = u*l(j) - 3*z(j). Give f(-5).
2
Let l be 2*(-1 + 0)*1. Let k(h) = 616*h + 1 - 615*h - 3. Calculate k(l).
-4
Let d = 161 + -158. Suppose -u = -3*m + 14 - d, 44 = -4*u - 4*m. Let y(b) = -3*b - 27. What is y(u)?
6
Let x(r) = -26*r + 4*r**2 - 3766 + 3771 + 44*r. Calculate x(-4).
-3
Suppose 4*w + 2*u - 1119 = -3827, 3*u - 12 = 0. Let m = 670 + w. Let c(r) = r**2 + 7*r - 17. Determine c(m).
1
Let p(v) = 35*v**3 + 18*v**2 - 21*v - 15. Let u(x) = 23*x**3 + 16*x**2 - 22*x - 13. Let z(n) = -2*p(n) + 3*u(n). Give z(9).
18
Let k(b) = -28*b + 3. Let f(m) = 16*m - 2. Let t(n) = 5*f(n) + 3*k(n). Let v = 4 + 0. Suppose -v*c + 3 + 0 = -3*i, 3*i + 2*c = -3. Determine t(i).
3
Let v(u) = -153*u**2 + 13 + 10 + 14 + 155*u**2 - 27 + 8*u. Calculate v(-5).
20
Suppose -25 = 2*h - 5*s, 5*s + 91 = 3*h + 121. Let w(k) = -3*k**2 - 4*k**3 - 7*k + 3*k**3 + 0*k**3 - 3*k**2. Determine w(h).
10
Let d be 1/(4/(-14)*103/(-206)). Let n(b) = b**2 - 2*b - 10. Give n(d).
25
Let i(l) = -3*l + 24. Let j be i(7). Suppose 3*g + 0 - j = 0. Let o(k) = -6*k**2 + 2*k - 1. Determine o(g).
-5
Suppose -29*m = -85 - 118. Let f(c) = -13 - 8*c + 23 - 17 + m*c. Determine f(-6).
-1
Let t(n) = 7*n + 38. Let g be t(0). Let s(m) = -74*m**3 + m + 43*m**3 + 0*m - 1 + m**2 + g*m**3. Calculate s(1).
8
Let c(t) = -3*t**2 - 5*t - 5. Let o = 41 + -43. Determine c(o).
-7
Let h = -3075 - -3068. Let